 5*g + 42 + 218 = 18*g. What is the highest common divisor of g and 3860?
20
Let p be (-1)/((-2)/(-10))*1496/(-440). Suppose 3*v - 18 = -c, -4*v - 4*c = -p - 7. Calculate the greatest common factor of v and 174.
6
Suppose -2*i + 3*c - 27 = 2*i, i + 2*c + 15 = 0. Let j = -4 - i. Suppose -18*p + 32*p = 62 + 78. What is the highest common factor of j and p?
5
Let j = -5258 - -5342. What is the highest common factor of j and 5292?
84
Let c be -5 + 1 - (-1 + -30). Let x = 161 - c. Calculate the highest common factor of 67 and x.
67
Let y = -42 + 88. Let q(z) = -z**3 + 8*z**2 + 13*z - 79. Let s be q(9). Let k = s + y. What is the greatest common factor of k and 5?
1
Let g = -8225 - -8226. Let t = 15 - 9. Let h be (-4)/t*3/(-2). What is the greatest common factor of h and g?
1
Let l = 14036 - 13861. Calculate the greatest common divisor of 665 and l.
35
Let m(d) = d**3 + 11*d**2 - 18. Let g be 15*(-6 - (-162)/30). Let l be m(g). What is the greatest common divisor of l and 16?
16
Let g(k) = -3*k**3 + 2*k**2 - 3*k - 4. Let m be g(-1). Let v be 1/(-5) - 453/(-15). Let w = v + 6. What is the highest common divisor of m and w?
4
Suppose -c = -4*i - 31, -c = -2*i - 0 - 17. Let m be 203/4 + (7/(-4))/i. Let o = -245 + 313. What is the greatest common divisor of o and m?
17
Suppose 9*a = -817 + 5119. Let c = -75 + a. Calculate the highest common divisor of 93 and c.
31
Suppose -2*c + 11 = -149. Let a(s) = 22*s - 2380. Let o be a(110). What is the highest common factor of c and o?
40
Suppose 0 = 5*q - 6*d - 78606, 3*q - 108*d = -113*d + 47241. What is the highest common divisor of 276 and q?
276
Let g = 548 + -344. Let z be (0 + (-78)/(-4))*g/306. What is the greatest common factor of z and 286?
13
Let s be 4 + 481/(-148) - 47674/(-8). Calculate the highest common factor of s and 120.
40
Let b(g) = g**3 - 5*g**2 - 4*g + 2. Let i be b(6). Suppose -16*n + 4 = -i*n. Calculate the highest common divisor of n and 32.
2
Let y(x) = -13*x**2 - 85*x + 3. Let f be y(-4). Calculate the highest common factor of f and 36.
9
Suppose 0 = 56*k - 2629 - 227. Let v(a) = a**2 - 4*a - 2. Let n be v(5). Calculate the highest common factor of n and k.
3
Suppose 4*o - 2*k + 2044 = 6134, -k + 1015 = o. What is the highest common divisor of o and 24?
12
Suppose -9*p + 8*p + 378 = 0. Suppose p = 12*s + 2*s. Calculate the greatest common divisor of 72 and s.
9
Let l(g) = -2863*g - 2792. Let o be l(-1). Suppose 1562 = -3*p + 5*p. Calculate the highest common factor of o and p.
71
Let o(f) = 17*f**2 + 52*f + 32. Let g be o(35). Suppose 43*t - g = 2048. What is the highest common divisor of 25 and t?
25
Let m = -45187 - -45277. Let u be 7 + (6/(-3) - -2). Let y be (-2)/u - (-128)/7. Calculate the greatest common divisor of y and m.
18
Let c(a) = -19*a - 57. Let h be c(-3). Suppose h = -3*m - 3*w + 486, -3*m - 5*w + 439 = -41. What is the highest common divisor of 132 and m?
33
Let h(w) = -w**3 - 22*w**2 - 7*w - 575. Let r be h(-23). Calculate the highest common factor of r and 11155.
115
Let s(k) = -3*k**2 + 58*k - 11. Let l be s(18). Suppose -30*i + 26352 = -3*i. Calculate the greatest common divisor of i and l.
61
Let a be (-4)/6*(71 + -68) - (2 + -1304). What is the greatest common factor of a and 900?
100
Let y be (56/(-8) - -4)*10/6. Let w be (78/y - -15) + 326/10. What is the greatest common factor of w and 88?
8
Suppose 2*y - 4*t = 1132, 18*y - 15*y - 1733 = -t. What is the greatest common divisor of 126 and y?
18
Suppose 17653 = 19*x + 16323. Suppose -22 = -z - 2. Calculate the greatest common factor of z and x.
10
Suppose 0*k = -k, -5*u = 2*k - 60. Let m = 38 - u. Suppose 52*i - 1672 = 1155 + 553. What is the greatest common factor of m and i?
13
Let n(a) = -74*a - 9. Let k be n(1). Let j = k - -91. Calculate the highest common divisor of 1 and j.
1
Let u be (-372)/310*(-5)/2. Suppose u*v - 885 + 32 = -4*b, 1104 = 4*v - 3*b. What is the highest common factor of 62 and v?
31
Let x be 4/(-13) + ((-83754)/(-117))/6. What is the highest common divisor of 765 and x?
17
Let h = 1626 + -1541. What is the highest common factor of h and 1955?
85
Let u be (-1 - -6768) + (-68)/(-68). Calculate the highest common factor of u and 288.
144
Suppose a - 3*w = 1281, 4*w = -4*a + 2869 + 2383. What is the greatest common factor of 5945 and a?
145
Suppose c = -3*u + 123, 7*u - 4*u + 4*c - 123 = 0. Let n be 3/(-2)*(19 - u). What is the highest common divisor of 9 and n?
3
Suppose t - 3*s = 7, 26 = 15*t - 12*t - 4*s. Let y be (1/(t/(-18)))/((-8)/40). Calculate the greatest common divisor of 18 and y.
9
Let w = 3631 - 3554. What is the greatest common divisor of 49 and w?
7
Suppose -438 = -541*n + 535*n. Calculate the greatest common divisor of 2 and n.
1
Let u = -127 - -129. Suppose 3*q - 4*x - 25 = 0, -5*x - 4 = -u*q + 15. Suppose q*a - 193 + 4 = 0. What is the highest common divisor of a and 108?
27
Suppose 6*q - 28631 = 11221. Suppose 37*h + q = 24698. Calculate the highest common divisor of h and 16.
8
Let a be ((-10)/(-1)*(0 + 5))/(2/3209). What is the highest common factor of 25 and a?
25
Let h = 155 - 159. Let u be 4 + 1700/((-20)/h). Calculate the greatest common factor of 43 and u.
43
Let z(w) = 11*w**2 - 22*w + 18. Let f be z(1). What is the greatest common divisor of 20993 and f?
7
Let t(c) = 278*c + 89. Let v be t(3). What is the greatest common factor of v and 284?
71
Let u(y) = y**3 + 11*y**2 - 94*y - 5. Let d be u(-6). What is the highest common divisor of d and 3?
1
Let c be 5/((-40)/(-2688)) - (-4 + -2). What is the highest common divisor of c and 522?
18
Let h be 77/2 + 44/8 + -4. Let m = h - 32. Suppose 88 = 4*o - 4*u, -4*o - 76 = -m*o + u. What is the highest common divisor of o and 18?
18
Let f = 6 - 1. Let z = f - -156. Suppose 0 = c + w - 20, 5*w - 63 - 14 = -4*c. Calculate the greatest common factor of c and z.
23
Suppose -12*v - 11 + 11 = 0. Suppose -5*k - 704 = -4*g - 4*k, -g + 3*k + 176 = v. What is the greatest common divisor of 16 and g?
16
Let m = -63 + 232. Suppose 13*a = -4*a + 3*a + 182. What is the highest common divisor of a and m?
13
Suppose 7*z + 567 - 1512 = 0. Suppose 13*r - z = -5*v + 8*r, 4*v = -r + 114. Calculate the highest common divisor of v and 29.
29
Suppose 3*j = 3*v - 165, 2*v - 3*j - 115 = -0*j. Suppose 0 = -20*i + 329 + 471. What is the highest common divisor of i and v?
10
Let d = 92 + 87. Let z = d + 45. Calculate the greatest common factor of 64 and z.
32
Suppose 132*n - 128*n = 4*i + 316, 0 = -2*i - 8. What is the highest common divisor of n and 11525?
25
Let h be (-7 + (-179)/(-2))*(-24)/(-10). Let i = 31 + -13. Calculate the greatest common factor of i and h.
18
Suppose -277*y = -281*y + l + 2109, -5*y + 2598 = 3*l. Let x = -40 - -61. What is the highest common divisor of x and y?
21
Let k = 48 + -45. Suppose -35 = -k*m - 23. Let c be (200/(-16))/((-2)/m). Calculate the highest common divisor of 50 and c.
25
Suppose 5*t = 5*b - 1415, 3*t + 979 - 131 = 4*b. Let c be 1536/(-8) - (-1)/(-1). Let a = c - t. Calculate the greatest common factor of 13 and a.
13
Let u = -84407 + 84415. Let r(h) = -h**3 - 2*h**2 + 8*h + 8. Let y be r(-6). What is the greatest common divisor of u and y?
8
Suppose -2*m - 3*v = -103, -6*v = -2*v - 20. Let c = m - 39. Suppose -3*j = o - 31, c*j - j = 3*o + 63. Calculate the greatest common divisor of j and 36.
12
Suppose -6*n + 904 = h, 584 = 4*n + h - 5*h. Calculate the highest common factor of 5600 and n.
50
Let y = 158 - -117. Suppose 202 = 4*r + 3*p, -2*r = -103*p + 108*p - 80. What is the highest common divisor of y and r?
55
Let x be (2/(-3))/((-6)/315*-5). Let j(z) = 14*z + 44. Let l be j(x). Let m = -26 - l. Calculate the greatest common divisor of 224 and m.
28
Let r = 25512 + -25508. Calculate the highest common divisor of r and 3086.
2
Let p be (-27)/(-12) - 3/(-4). Let q be -1*p*(-1 + 0). Let j(i) = -123*i + 2964. Let v be j(24). Calculate the highest common divisor of q and v.
3
Let y = -1099 - -1294. Let u = 204 + -126. What is the greatest common factor of u and y?
39
Suppose -27744 = -13*o + 3563 + 34278. What is the highest common factor of 15 and o?
5
Let d be (3 - 16)/(2/(-14)). Let o = 86300 + -86286. What is the highest common factor of o and d?
7
Let l = -4059 - -7099. What is the highest common di